. List the prime factors of x.
2, 3, 41
Let q(y) = y**3 - 2*y**2 + y + 3. Let v be q(2). Let p(x) = 6 + v*x**2 + 11*x + 3*x**2 + 5 + 7. List the prime factors of p(-5).
163
Let m be (-2 + 8)/(-3*(-12)/(-1998)). Let c = -629 - m. Let h = c - -498. List the prime factors of h.
2, 101
Suppose -2*d + 2*z = 1160, z = -4*z + 15. Let b = -301 - d. Suppose -7*a + 5*a + b = 0. List the prime factors of a.
2, 3, 23
Let q = 102 - 99. Suppose -2*c + 5*l + 24 = 0, -9 = -q*c + 3*l + 27. Suppose c*r = 9*r + 315. List the prime factors of r.
3, 5, 7
Let m = 68768 - 42257. Suppose 5*y - m = -8181. Suppose -y = -7*s - 6*s. What are the prime factors of s?
2, 3, 47
Let j be (57312/(-28))/(-12) + (-8)/14. Let y = j - -14. List the prime factors of y.
2, 23
Let m(w) be the second derivative of -w**5/20 + 11*w**3/6 + 13*w**2/2 - w - 24. What are the prime factors of m(-8)?
19, 23
Let j be 2 + 2 + (-5 - 0). Let g be (0 - j)/1*(14 + -12). Suppose -2*w - 421 = -4*t + 3*w, g*t - w - 209 = 0. What are the prime factors of t?
2, 13
Let g = -22919 - -36059. List the prime factors of g.
2, 3, 5, 73
Suppose 3*u - 76798 = 5*a, -19*a - 102423 = -4*u - 16*a. What are the prime factors of u?
3, 8537
Suppose -4*m = 3*z - 13, 5*z - 3*m - 14 = -2. Suppose 4*q + z*y - 770 = 0, -148 = 3*q + 2*y - 725. List the prime factors of q.
191
Let d(i) = -15*i + 150. Let x be d(10). Suppose 4*a - 20 = x, -1379 = -2*t + 5*a - 52. What are the prime factors of t?
2, 13
Suppose 2*c - 59455 = -12*i + 34387, 4*i = 2*c + 31278. What are the prime factors of i?
2, 5, 17, 23
Let l = -515 + 392. Let a = 165 + l. What are the prime factors of a?
2, 3, 7
Suppose q + 2*q - 6 = 0. Suppose -q*x - 155 - 593 = 0. What are the prime factors of (-1)/2*(x + 0/4)?
11, 17
Suppose 11*r + 229692 = 384473. List the prime factors of r.
14071
Let t = -123 + 134. Suppose -15 = -3*d, -6*b = -t*b + 3*d + 2125. List the prime factors of b.
2, 107
Let n = -27 + 1. Let a = -253 + 364. Let t = a + n. List the prime factors of t.
5, 17
Let g = -112293 - -203934. What are the prime factors of g?
3, 11, 2777
What are the prime factors of (-3)/8 - 7633764/(-864)?
3, 5, 19, 31
List the prime factors of (-1)/(-2) + (1 - -1) + 345105/30.
2, 11, 523
List the prime factors of 29455 + -1 + -21 - 16.
23, 1279
Suppose 0 = 2*k - 4, 5*t - 67 = -k + 5*k. Let b = -173 - -407. Suppose 12*m + b = t*m. What are the prime factors of m?
2, 3, 13
Let b(g) = -292*g**3 - 152*g**2 - 875*g + 2. What are the prime factors of b(-6)?
2, 19, 827
Suppose -5*l + 33625 = 6*l - 4*t, 6136 = 2*l + 3*t. What are the prime factors of l?
7, 19, 23
Let z = 8308 + 3136. List the prime factors of z.
2, 2861
Let v be ((-14172)/28)/(-3) + (-4)/(-14). Let c = 991 + -701. Let b = c - v. What are the prime factors of b?
11
Let i = -7 - -7. Let p be (-2)/(-8) - i - 11/(-4). Suppose -130 = -p*f - 0*u + 2*u, 177 = 4*f + u. List the prime factors of f.
2, 11
What are the prime factors of (1/6)/(3/(-6)) + 4851088/129?
3, 5, 23, 109
Suppose 133552 = 6*x - 5*k, 2*x + 383*k - 382*k - 44496 = 0. What are the prime factors of x?
2, 5563
Let p(c) = c**3 - 19*c**2 + 16*c + 12. Let x be p(18). List the prime factors of (-49)/(x + 19 - (-368)/74).
7, 37
Let d(w) = -30*w**3 - w**2 + 5*w - 4. Let s be d(1). Suppose 6*o - 3*o - 6 = 0. What are the prime factors of (-1016)/s - o/(-15)?
2, 17
Suppose -3*b + 96606 = 3*l, 7*b + 2*l + 128784 = 11*b. What are the prime factors of b?
2, 17, 947
Let n be (-40)/15*-3 - -3. Let x(q) = -15*q - 61 + n*q - 12*q. List the prime factors of x(-17).
211
Suppose -b - 3*b + 104 = 0. Let l be (1 - -4) + 25 + -25. Suppose x - l*h - 32 = 0, 2*x - 2*h = 14 + b. What are the prime factors of x?
17
Suppose -5*d = -w - 259886, -177 = -4*w - 201. List the prime factors of d.
2, 73, 89
Let a = -2586 + 48291. What are the prime factors of a?
3, 5, 11, 277
Suppose -97*f = 310*f - 9827017 - 8773697. List the prime factors of f.
2, 3, 2539
Let l(i) be the third derivative of 0 - 1/60*i**5 + 0*i + 16*i**2 + 1/3*i**3 + 1/2*i**4. List the prime factors of l(5).
37
Let v(t) = 8*t + 5. Let s(z) = -17*z - 9. Let a(d) = -4*s(d) - 10*v(d). List the prime factors of a(-7).
2, 5, 7
Let k = -56 - -64. Suppose -k*c = 2*c - 90. Suppose 0 = i - c*i + 344. List the prime factors of i.
43
Suppose k = -21 + 29. Suppose -5*q - 945 = -k*q. Suppose 289 + q = 2*j. List the prime factors of j.
2, 151
Suppose -2*d + 0*g = 2*g - 504, 0 = -5*d - 4*g + 1256. Let y = d - -350. List the prime factors of y.
2, 13, 23
Let c = 114 + -100. Suppose 0 = i + 2*i + 12, 0 = 5*w + 4*i - c. What are the prime factors of (w/(-18))/((-1)/789 - 0)?
263
Let p(l) be the third derivative of 2/3*l**3 - 1/60*l**5 - 7/12*l**6 + 40*l**2 + 0*l + 1/6*l**4 + 0. What are the prime factors of p(-1)?
3, 23
Suppose -14*o + 45 = -25. Suppose -4*j + 117 + 38 = 3*a, 0 = -2*a - o*j + 101. List the prime factors of a.
53
List the prime factors of (3 + 1)/(1/2*(-130)/(-52845)).
2, 3, 271
Suppose 25 = 12*n - 17*n. What are the prime factors of -3 + (-10665)/(-25) + (-2)/n?
2, 53
Let t = 399 - -4005. Suppose -11*d - d + t = 0. What are the prime factors of d?
367
What are the prime factors of (11 - (11 - 2/(-2))) + 12266?
5, 11, 223
Let m be -6 + (-12)/(-6) + -1 + 3. List the prime factors of (m - -3 - -1) + 1.
3
Let g = -152 - -297. Let n = g - 145. Suppose 2*p = 4*s - n*p - 48, 3*p = s - 17. What are the prime factors of s?
11
Suppose -5*l - 98810 = -5*o, 2*l - 15635 - 4115 = -o. List the prime factors of o.
2, 3, 37, 89
Let o = -479 + 480. Let j be -3 + 6/3 + -12. List the prime factors of 240/o - (-16 - j).
3
Let p(w) = 6437*w + 2248. List the prime factors of p(7).
3, 13, 1213
Let t be 8/(-2 - -6) + -1 - -115. Suppose -13*x = -t - 2068. Suppose 4*s + 5*d - x = 0, 3*d - 50 = 5*s - 297. What are the prime factors of s?
47
Suppose 0 = 3*n + 5*t + 989 - 185, -n = 2*t + 268. Let h = 629 + n. What are the prime factors of h?
19
Suppose 0 = -2*g + j + 37 - 11, 0 = g - 3*j - 18. Let i = g - 45. What are the prime factors of (141/(-2))/(i/44)?
2, 47
Suppose -2525165 - 4880368 = -157*j. List the prime factors of j.
3, 1747
Let t(f) = -257*f**2 - 2075*f - 6. What are the prime factors of t(-4)?
2, 3, 17, 41
Let g = 17777 - 12325. What are the prime factors of g?
2, 29, 47
Let z be (1 + 290)*7/147*7. Let v = 95 - z. What are the prime factors of 23392/96 - v/(-3)?
3
Let l(s) = -6*s - 20. Let x be l(-5). Suppose 4*o - 8 = 2*n, -2*o + 2*n + x = 2. What are the prime factors of o - (-3 + 1)*41?
2, 41
Let i = -800 - -7656. List the prime factors of i.
2, 857
Suppose 1505461 + 268064 = 110*c - 35*c. What are the prime factors of c?
13, 17, 107
Suppose 2*d = -5*b + 8, 3*b = -d - 1 + 5. Suppose -4*q + 2*i = -892, -d*i - 8 = -2*q + 426. What are the prime factors of q?
3, 5
Suppose 5*v - 5*d + d = 54, 0 = -2*v - 5*d + 15. Suppose -2*x = 2*q, q + q + 4*x = -v. Suppose q*b - 120 = 275. List the prime factors of b.
79
List the prime factors of ((-196518)/4*(-537)/(-2506))/((-9)/48).
2, 3, 4679
Let b(c) = 191*c**3 + c**2 - 4*c + 3. Let y be b(1). Suppose 188*p = y*p - 5121. List the prime factors of p.
3, 569
Let v(f) = -1344*f - 1251. List the prime factors of v(-10).
3, 17, 239
List the prime factors of ((-846)/658)/((-6)/48734).
3, 59
Let u(q) = -24*q + 5. Let t = -38 - -78. Suppose 4*z - t = 14*z. List the prime factors of u(z).
101
Suppose 8*s + 0*s = 4912. Let u = -316 + s. List the prime factors of u.
2, 149
Let o(q) = q**3 + 19*q**2 + 31*q - 6. Let s be o(-10). Suppose g - 571 = f, 0 = -g + 3*f - 3 + s. List the prime factors of g.
2, 283
Let q = -2090 - -3554. Suppose 2*x = 4*h - 3*x - 5882, 2*x - q = -h. What are the prime factors of h?
2, 367
Suppose 15*h + 25*h + 306843 - 2187163 = 0. List the prime factors of h.
2, 13, 113
Let s(r) = -54*r - 79. Suppose -2*t + 45*x = 43*x + 38, -57 = 3*t + 4*x. What are the prime factors of s(t)?
947
Let l be (26/(-8))/((-1)/8*2). Suppose -s - 2256 = -l*s. What are the prime factors of s?
2, 47
Let i(t) = t**2 - 2*t + 4. Let g be i(2). Suppose -g*k + 0*n + 4*n = -256, -20 = -4*n. Let m = k + 8. What are the prime factors of m?
7, 11
Let v(m) = -m**2 + 5*m - 6. Let u be v(3). Suppose u = 4*t - 1385 - 835. Suppose -2*p - 4*o - 418 = -5*p, 3*o = 4*p - t. What are the prime factors of p?
2, 3, 23
Suppos